 = 0*f**3 - 13*f**2 + 12*f - 6*f + 15 - f**3 + 9*f + 12. Give c(-14).
13
Let j(z) = -4*z - 2. Let r = 77 - 72. Suppose -r - 10 = 3*f, f - 1 = -g. Suppose -6*o - g = -4*o. What is j(o)?
10
Let i(v) = -v + 10. Let c be (-2 - -3)*-2 - -12. Suppose -29*k = 2*m - 25*k - c, -4*k + 15 = 3*m. Determine i(m).
5
Let k(a) = -a**2 - 13 + 24 - 889*a + 449*a + 443*a. Calculate k(4).
7
Let v be 30/(-4) + -1*(-12)/(-24). Let u(g) = -14*g - 131. What is u(v)?
-19
Let o(d) = 2*d - 7. Suppose -2*x + 22 - 18 = 0. Let r be -92*(12/16)/(-3) + x. Suppose 3*h - r = -2*h. Calculate o(h).
3
Let n(b) be the first derivative of -b**3/3 + 10*b**2 + 49*b + 4533. Determine n(24).
-47
Let z = 19 + -19. Let h(u) = -2*u**2 + 2*u + 3. Let l be h(z). Let x(s) = 4*s. Calculate x(l).
12
Let f(g) be the third derivative of -g**6/120 + g**5/3 - g**4/12 + 25*g**3/3 + 13465*g**2. Calculate f(20).
10
Let t(q) = q**2 - 6*q - 22. Let w be t(-9). Suppose 0 = -6*l - w + 161. Let s(d) = -2 - 8*d + d**2 - 3 + 4. Give s(l).
-1
Let m = 140 + -138. Let q(t) = -m*t**2 - 11*t + 34*t - 1 - 19*t - t**2 - 14*t. Determine q(-4).
-9
Suppose 0 = 4*b + 2*c + 14, -b - 37 + 6 = -5*c. Let g(s) = 866*s**3 + 5*s**2 - 2 - 7*s - 1732*s**3 + 867*s**3. Determine g(b).
4
Let n be 2*(1 - -1)/(10 + -14). Let f be (0 - n/3) + (-35)/(-3). Suppose 10 - f = -2*r. Let o(w) = -10*w**3 - w**2 + 2*w - 1. Calculate o(r).
-10
Let t = 375 + -353. Suppose 5 = o - a, -t = -5*o - a + 15. Let l(s) = 5*s - 24. Give l(o).
11
Let t(p) = 8*p - 2. Let x be ((-8)/(-14))/(5/35). Let a be 24/12 + (-1 - x/2). Calculate t(a).
-10
Let p(c) = -c + 5. Let b(g) = 5*g - 11. Let k be ((-10)/(-8))/((-6)/(-24)) + -4. Let h(z) = k*b(z) + 2*p(z). Determine h(5).
14
Suppose 0 = -5*b - 5*h + 47 + 53, -3*h = 3. Let n(g) = g - 2*g + 5*g**2 + 16*g**3 + b*g**2 - 27*g**2 - 1. What is n(-1)?
-17
Suppose -2*q + 4 = 4*n, 4*n - 4 = -0*n - q. Let i(j) = 28*j + 1. Determine i(n).
29
Let u = -665 - -662. Let v(m) = m**3 - 5*m + 4. Calculate v(u).
-8
Suppose -5*c + 28 = 13. Let w(a) = 2*a**3 - 3*a**c + 23*a**2 + 6*a - 14*a - 30*a**2 - 14. Calculate w(-6).
-2
Let f(y) = 25*y + 40. Let p(h) = 52*h + 82. Let u(q) = 7*f(q) - 3*p(q). Let m be u(-2). Let v(d) = -d**3 - 4*d**2 - 7. Give v(m).
-7
Suppose -d + 2*l = 4, -2*d - 28*l = -29*l + 11. Let r(q) = -q**3 - 5*q**2 + 6*q - 4. Determine r(d).
-4
Let y(h) be the first derivative of -h**3/3 + 9*h**2/2 + 18*h + 1169. Give y(11).
-4
Let k(r) = 3*r**3 + 10*r**2 - 9*r - 4. Let a(z) = z**3 + 5*z**2 - 4*z - 2. Suppose -12*p = -5*p + 35. Let g(o) = p*a(o) + 2*k(o). Calculate g(4).
-6
Suppose -30 = -4*l + 162. Let q = -398 + 422. Let t be (q/l)/(2/(-4)). Let x(j) = -10*j**2 + j + 1. What is x(t)?
-10
Let b(g) = -3*g - 90. Let j = 10664 - 10692. Determine b(j).
-6
Let q(w) = 8*w**2 + 2*w + 1. Let f(s) be the first derivative of 15*s**2/2 - 136*s - 124. Let i be f(9). Determine q(i).
7
Let s be (-4)/(-6)*459/102. Let v(j) = 4*j**s + 6*j**3 + 1 + j**3 - 6*j**3. Determine v(-1).
-4
Let h = 142 - 132. Let p = h - -27. Let b(w) = 3 - p*w - 4 + 35*w - 2. Calculate b(-4).
5
Let n(k) be the second derivative of 2*k - 1/3*k**3 - k**2 - 8. Give n(7).
-16
Let o(m) = -3*m + 621 - m**2 - 72 - 403. Calculate o(10).
16
Let v(w) = -85*w + 185. Let n(q) = -7*q + 15. Let o(p) = -25*n(p) + 2*v(p). Let d(y) = 7*y - 3. Let j(l) = -4*d(l) + 5*o(l). What is j(-4)?
-1
Let y(v) = -v**2 + 24*v - 29. Let l be y(25). Let t = l + 58. Let d(u) = 4*u - 1 + u - u**2 - 4*u. What is d(t)?
-13
Let w(j) be the second derivative of -23*j**3/6 - 5*j**2 + j + 621. Give w(-3).
59
Suppose 152*i = -629 - 32 - 859. Let v(g) = g**3 + 9*g**2 - 12*g - 27. Give v(i).
-7
Let l(w) = 302 + 3*w**2 - 589 + 307 - 5*w. Calculate l(6).
98
Let i(s) = 33*s + 22. Suppose 61 - 14 = -41*d - 6*d. Determine i(d).
-11
Let p be (-126)/18 + 1 + 1 + -1. Let t be (-7)/((-84)/(-32))*p/8. Suppose t = 3*z - q, 2*q + 3*q + 10 = -z. Let b(j) = j**2 - j + 6. Calculate b(z).
6
Let k(t) be the first derivative of t**2 + 45 - 1/4*t**4 - 7*t - 5/3*t**3. Calculate k(-5).
-17
Let l(h) = -3*h - 32. Let t be (-7)/(-42)*-15*2. Let r(j) = 3*j**3 + 14*j**2 - 4*j - 3. Let a be r(t). Determine l(a).
-8
Let f(r) = -r**3 + 18*r**2 + 11*r + 6. Let n be f(0). Let s(p) = p**2 + 6*p - 77. Determine s(n).
-5
Let y(w) = w**3 + 3*w**2 - 1. Let v = -30 - -39. Suppose 4*p + 3 = -v. What is y(p)?
-1
Let m(v) = -13*v - 78. Suppose 14*w = -16*w - w - 155. What is m(w)?
-13
Let l(r) = -r**3 - 6*r**2 + 7*r - 4. Suppose 5*q = -32 - 3. Let b be l(q). Let d(t) be the first derivative of -3*t**2/2 - 3*t + 44. What is d(b)?
9
Suppose -8*s = -605 - 107. Suppose -95*y = -s*y - 78. Let h(w) = w**3 - 14*w**2 + 12*w + 7. What is h(y)?
-6
Let c(a) be the first derivative of 4*a**3/3 + a**2/2 + 1. Let r = -1536 - -1621. Suppose 78*z - r*z + 7 = 0. Determine c(z).
5
Let a(y) = 2*y**2 + 8*y - 42. Let j = 1564 + -1571. What is a(j)?
0
Let i(w) = -3*w**2 + w + 2. Suppose -190*o = -195*o + 220. Suppose 6*y - 28*y = o. Give i(y).
-12
Let o(m) be the first derivative of -m**3/3 - 3*m**2/2 + 3*m + 28. Let c be o(-2). Suppose -h - 12 = -c. Let u(g) = -g**2 - 8*g - 7. What is u(h)?
0
Suppose 3 = -2*r + 5. Let j(t) be the first derivative of 1/2*t**2 - 17/4*t**4 + 1/3*t**3 - 361 - t. Calculate j(r).
-16
Let s(q) = q**2 - 3*q - 2. Let o(a) = 2*a**2 + 13*a - 16. Let d(k) = o(k) - 4*s(k). Give d(12).
4
Let m(h) = h**3 - 44*h - 47. Let w be m(-6). Let f(v) = -4*v - 8. Calculate f(w).
-12
Let u(o) = -o. Let r = 0 + 1. Let n(q) = -8*q + 2. Let h be (3 + -5)*(4 + (-5 - -7)). Let x(s) = h*u(s) + r*n(s). Calculate x(-2).
-6
Let i(n) = 4*n**3 - 7*n**2 - 2*n + 12. Let f(s) = 5*s**3 - 7*s**2 - s + 13. Suppose 61 = 15*x + 1. Let v(r) = x*i(r) - 3*f(r). What is v(8)?
33
Suppose -32*l - 8430 = -8270. Let o(w) = -w**3 - w**2 + 9*w + 18. Determine o(l).
73
Let j(n) be the first derivative of 31*n**3/3 + n**2/2 + 2*n + 1248. Determine j(-1).
32
Let a(z) = z**2 + 9*z + 3. Let g be a(-8). Let w = g - -11. Let v(d) = -w*d + 3 - 7 + 9*d. Determine v(3).
5
Let x(g) = -5*g + g**2 + 12*g + 10*g + 8*g**2 - 18*g. Suppose -9*p + 0*p = 9. Calculate x(p).
10
Let g(w) = -w**3 - 3*w**2 + 10*w - 3. Suppose -68*s = 520 - 112. Give g(s).
45
Let j = -17185 - -17177. Let r(o) = -o**2 - 4*o + 23. What is r(j)?
-9
Let p(x) = -18*x - 189. Let j(t) = -6*t - 47. Let v(a) = -11*j(a) + 4*p(a). What is v(-41)?
7
Let w(o) = -o**3 + 11*o**2 - 11*o + 7. Let d = 45 - 272. Let c = d + 237. Give w(c).
-3
Suppose -3*i + 7*i - 48 + 8 = 0. Let c(j) = j**3 - 8*j**2 - 19*j - 17. Determine c(i).
-7
Suppose -10 = -524*r + 522*r. Let u(m) be the first derivative of 3 + 56*m - m**2 - 23*m - 27*m. Determine u(r).
-4
Suppose 0 = 38*m + 42*m - 80. Let a(f) = 6*f**2 + 1. Give a(m).
7
Let s(y) be the first derivative of -y**4/4 - y**3 + 3*y**2 + 2*y + 16. Let r(w) = w**3 - 12*w**2 + 9*w - 7. Let a be r(10). Let m = 113 + a. What is s(m)?
-6
Let c(q) be the first derivative of -5*q**2/2 - 3*q + 760. What is c(-3)?
12
Let o(h) = -220*h + 9. Let r(s) = 133*s - 5. Let t(x) = 3*o(x) + 5*r(x). Let i(g) = g - 3. Let v = 9 - 3. Let l be i(v). Calculate t(l).
17
Let w(k) = k**2 - 3*k - 3. Suppose o - 6 = q, -o + 32 - 26 = 5*q. Calculate w(q).
-3
Let z(r) = -r**3 + 9*r**2 + 14*r - 10. Let l be z(10). Suppose 0*m + l = 5*m. Let h(s) = 3*s + 6. Calculate h(m).
24
Let u(c) = c**3 - 15*c**2 + 12*c + 30. Let y = -7439 - -7453. Calculate u(y).
2
Let u(d) = -d**2 + 11*d + 8. Let g be ((-40)/(-12))/((25/180)/5). Let l = -108 + g. What is u(l)?
-4
Let q(u) be the first derivative of u**3 + 2*u - 258. Give q(2).
14
Let d(l) = -19*l - 193. Let i be -7 + 13 + 93/(-15) - 88/10. Calculate d(i).
-22
Let c(x) = 5532 - 16573 + 5533 - 16*x + 5523. What is c(6)?
-81
Let v(x) = 5*x - 5*x**2 + 2*x**2 + 1 - x**3 - 3*x. Let h be (-10)/4*((-32)/(-20))/(-2). Suppose -2*m = -h*q - 2*q - 14, 2*q + 5*m = -1. Give v(q).
-5
Suppose -4*t - 6 = -c - 1, -4*c = 3*t - 1. Let u(q) = -q + 21 - c - 3. What is u(10)?
7
Suppose -2*i + 63 = -9*i. Let s(h) = -8*h - 8 - 93*h**2 + 18 + 92*h**2. Give s(i).
1
Let f(y) = -14*y + 21*y**2 - 13*y - 6*y**2 + 25*y - 1. Let m be -14 + -1 - (-142 + 128). What is f(m)?
16
Let u(r) = 7*r + 1. Let z be (-2 + 0)*(-1 + 0). Let y be -1*(2 - 10/z). Suppose 0 = -7*q + 4*q + y. What is u(q)?
8
Let d = 3504 - 3499. Let n(v) = -v**3 +